et m(v) = 329*v + 4548. Calculate m(-16).
-716
Let n(o) = o**2 + 35*o + 571. What is n(0)?
571
Let l(f) = f**2 + 24793*f + 247818. What is l(-10)?
-12
Let o(w) = -3*w**3 + 937*w**2 + 15406*w + 3267. Give o(328).
-13
Let m(u) = 2*u**2 + 238*u - 6541. Determine m(23).
-9
Let q(a) = -2*a**3 + 87*a**2 + 42*a - 184. What is q(44)?
-272
Let q(l) = -l**2 + 81*l + 228. Determine q(22).
1526
Let b(m) = 2*m**2 - 381*m + 12007. What is b(43)?
-678
Let d(l) = -31926*l - 1085507. What is d(-34)?
-23
Let o(z) = -312*z**2 + 163243*z - 35049. Calculate o(523).
-8
Let c(u) = -7391*u + 3362904. Calculate c(455).
-1
Let a(n) = n**3 - 109*n**2 + 2350*n - 2448. Calculate a(80).
-48
Let j(h) = -9*h**2 - 221*h + 4123. Determine j(15).
-1217
Let n(y) = -y**2 - 3997*y - 134730. Calculate n(-34).
12
Let c(i) = -i**3 - 5*i**2 + 55*i + 372. Determine c(-8).
124
Let k(a) = 70*a**2 - 3723*a - 11037. Give k(56).
-5
Let t(h) = 3164*h - 41072. What is t(13)?
60
Let h(g) = 144*g**2 + 4339*g - 256. Calculate h(-30).
-826
Let d(y) = -1982*y + 33955. Calculate d(17).
261
Let m(t) = 3*t**2 + 2779*t - 48124. Calculate m(17).
-14
Let b(k) = -1712*k + 420832. Give b(246).
-320
Let k(w) = -1845*w - 71981. What is k(-39)?
-26
Let y(v) = 2*v**2 + 2216*v + 35357. Give y(-16).
413
Let g(n) = n**2 - 327*n + 25366. What is g(126)?
40
Let q(u) = -u**3 - 11342*u**2 + 67996*u + 14. Give q(6).
-538
Let v(l) = 3416*l - 22716. Give v(7).
1196
Let z(s) = s**3 + 57*s**2 - 85*s + 1900. Give z(-59).
-47
Let s(l) = l**3 + 138*l**2 + 147*l + 1429. Determine s(-137).
59
Let n(s) = s**3 - 9374*s**2 - 1515751*s - 637. Give n(-159).
-1
Let j(g) = 9*g**3 - 39*g**2 + 514*g - 3630. Give j(6).
-6
Let z(k) = -k**3 - 18*k**2 - 195*k - 695. Give z(-5).
-45
Let k(v) = 661*v + 3521. Calculate k(-6).
-445
Let s(o) = -216*o**2 + 3953*o - 1174. Give s(18).
-4
Let m(g) = g**3 - 5*g**2 - 100*g + 664. Determine m(8).
56
Let t(s) = -135544*s + 406583. What is t(3)?
-49
Let k(s) = s**2 - 398*s + 31741. Give k(92).
3589
Let z(l) = -l**3 - 35*l**2 - 529*l - 3808. Give z(-17).
-17
Let o(u) = 225*u + 4751. Give o(-21).
26
Let n(f) = 2*f**3 - 10*f**2 - 2833*f + 27336. What is n(10)?
6
Let p(y) = 2*y**3 + 71*y**2 + 63*y - 1285. What is p(-34)?
41
Let f(t) = 91880*t - 183766. Give f(2).
-6
Let a(r) = 2*r**3 + 866*r**2 + 938*r + 31950. Determine a(-432).
-18
Let z(b) = 15916*b - 7544196. What is z(474)?
-12
Let w(h) = 5*h**3 + 1977*h**2 - 1161*h + 10688. Give w(-396).
-4
Let a(b) = -b**3 + 49*b**2 + 162*b - 3078. Determine a(51).
-18
Let g(x) = -x**3 - 57*x**2 - 2345*x - 2288. What is g(-1)?
1
Let n(s) = 1969*s + 734455. What is n(-373)?
18
Let j(w) = -3882*w - 830745. Give j(-214).
3
Let b(w) = 458*w - 21822. Give b(48).
162
Let s(d) = -13*d**2 + 849*d - 16. Calculate s(65).
244
Let g(m) = 7553*m - 430491. Calculate g(57).
30
Let k(m) = -9*m**3 + 6217*m**2 - 6207*m - 11. Determine k(1).
-10
Let d(y) = -351*y + 5722. Determine d(16).
106
Let x(r) = r**3 + 227*r**2 + 241*r + 2400. Calculate x(-226).
-990
Let f(h) = 4*h**2 - 168*h + 158. Determine f(39).
-310
Let b(d) = 20*d**2 - 1586*d - 4483. Calculate b(82).
-55
Let r(w) = -w**3 + 41*w**2 + 265*w - 201. Give r(46).
1409
Let b(k) = -4*k**2 + 1642*k - 10486. What is b(404)?
18
Let j(o) = -o**3 + o**2 - 6612*o - 19869. What is j(-3)?
3
Let s(x) = x**3 + 5*x**2 + 4472*x + 22399. What is s(-5)?
39
Let p(g) = -61*g**3 - 214*g**2 + 227*g - 13. Calculate p(1).
-61
Let f(p) = -p**2 - 3131*p - 181276. Calculate f(-59).
-28
Let o(j) = j**2 + 25272*j - 1164638. Give o(46).
-10
Let m(a) = -2*a**3 + 1343*a**2 - 1276*a - 69. Give m(1).
-4
Let o(j) = 7971*j + 47912. Determine o(-6).
86
Let i(f) = -f**2 + 129*f - 5286. Give i(85).
-1546
Let v(f) = f**3 + 57*f**2 - 10*f - 551. Give v(-57).
19
Let v(n) = -13*n**2 - 239*n - 681. Calculate v(-15).
-21
Let d(t) = -t**2 - 3154*t - 2405139. Calculate d(-1291).
-6
Let d(p) = -3068*p + 230094. Calculate d(75).
-6
Let p(m) = -7*m**3 + 276*m**2 - 132*m + 138. What is p(39)?
-447
Let o(p) = p**3 - p**2 + 33965*p + 169999. Determine o(-5).
24
Let c(q) = 13*q**2 + 2026*q + 4048. Calculate c(-2).
48
Let g(q) = -30649*q - 306475. Give g(-10).
15
Let k(j) = -79*j**2 - 828*j + 9. What is k(-11)?
-442
Let y(r) = 22*r**2 + 1165*r - 217. Give y(-52).
-1309
Let x(r) = 5003*r + 310254. Determine x(-62).
68
Let u(k) = -4824*k + 24054. What is u(5)?
-66
Let f(l) = -2913*l + 14776. Calculate f(5).
211
Let i(n) = -38*n**2 - 333*n + 244. Calculate i(-10).
-226
Let k(o) = -87*o**2 - 21*o + 94. What is k(5)?
-2186
Let s(d) = -4106*d + 176591. Determine s(43).
33
Let p(v) = 3*v**2 - v - 1453. Calculate p(24).
251
Let j(r) = 57*r**2 - 3558*r + 1755. Give j(62).
267
Let d(h) = h**2 + 197326*h - 1. Calculate d(0).
-1
Let z(c) = -c**3 - 70*c**2 - 377*c + 805. What is z(-64)?
357
Let n(p) = 4*p**3 - 322*p**2 + 166*p + 119. Determine n(80).
599
Let z(h) = 115681*h - 12030831. Calculate z(104).
-7
Let i(n) = 4*n**2 + 1226*n + 4933. Calculate i(-4).
93
Let o(p) = -6*p**2 - 1335*p - 18066. Give o(-208).
30
Let f(w) = w**3 + 69*w**2 - 164*w - 6518. Calculate f(-70).
62
Let a(l) = l**3 - 8*l**2 - 143*l - 344. Calculate a(-3).
-14
Let b(c) = -5688*c + 34149. Determine b(6).
21
Let f(k) = -k**3 - 267*k**2 - 13544*k - 705. Give f(-68).
111
Let y(c) = -2*c**2 - 70*c - 2299. Determine y(-24).
-1771
Let f(k) = 2*k**2 + 10734*k - 258773. Determine f(24).
-5
Let c(m) = 4*m**3 + 1309*m**2 - 2283*m + 6568. What is c(-329)?
-12
Let n(f) = -2*f**3 + 41*f**2 - 995*f + 21378. Calculate n(21).
42
Let c(k) = 177*k**2 + 169*k - 418. Give c(2).
628
Let f(z) = 2*z**3 - 3*z**2 - 986*z + 3863. Calculate f(4).
-1
Let h(z) = -z**3 + 18*z**2 - 23*z + 50. What is h(16)?
194
Let p(i) = i**3 + 39*i**2 + 343*i - 17. What is p(-11)?
-402
Let s(p) = p**3 - 1223*p**2 + 3682*p - 54. Determine s(3).
12
Let c(q) = 270*q + 2379. Calculate c(-3).
1569
Let t(y) = 2*y**2 + 148*y + 673. Give t(-5).
-17
Let p(n) = 973*n + 35078. What is p(-36)?
50
Let b(w) = w**2 - 3491*w + 282869. Calculate b(83).
5
Let p(o) = -21*o**2 - 30*o + 38. Give p(-9).
-1393
Let i(x) = x**3 - 193*x**2 - 2916*x + 528066. What is i(194)?
-2
Let h(s) = -1974*s - 156112. Determine h(-79).
-166
Let k(i) = -2773*i - 5538. Calculate k(-2).
8
Let d(z) = z**3 + 7*z**2 + 5*z - 92. Give d(-11).
-631
Let b(t) = 60221*t - 722648. Determine b(12).
4
Let s(r) = -1275410*r + 17855724. Give s(14).
-16
Let v(n) = -196*n**3 - 2*n**2 + 9*n + 26. Calculate v(-2).
1568
Let x(v) = v**2 - 11790*v + 47125. Determine x(4).
-19
Let w(p) = -875*p + 1122634. What is w(1283)?
9
Let t(j) = -50656*j - 50620. What is t(-1)?
36
Let r(w) = w**2 - 183*w + 2830. What is r(26)?
-1252
Let m(v) = -268*v**3 + 1875*v**2 + 15*v - 62. Calculate m(7).
-6
Let g(x) = 163*x + 1283. Calculate g(-12).
-673
Let x(o) = -4027*o - 116825. What is x(-29)?
-42
Let m(w) = -155*w**2 - 3721*w + 50. Determine m(-24).
74
Let i(t) = 458260*t + 5499145. Calculate i(-12).
25
Let i(d) = -5*d**3 + 31*d**2 + 89*d - 63. What is i(13)?
-4652
Let n(z) = -z**3 - z**2 + 55*z + 22. Give n(-10).
372
Let l(o) = -o**2 + 179*o + 525. Determine l(-3).
-21
Let i(g) = g**3 - 30*g**2 - 157*g + 5389. Determine i(29).
-5
Let i(s) = 895*s + 39394. Give i(-44).
14
Let g(q) = -17*q**3 - 104*q**2 - 5424*q - 32464. What is g(-6)?
8
Let i(p) = 68*p**2 - 2737*p + 5469. Determine i(2).
267
Let o(v) = 3*v**2 - 1080*v - 7688. Give o(-7).
19
Let d(u) = 2660*u + 29296. What is d(-11)?
36
Let u(r) = r**2 - 716*r - 87128. What is u(-106)?
4
Let b(q) = -5*q**2 - 42*q + 379. Determine b(-8).
395
Let f(j) = 394*j - 35036. Calculate f(89).
30
Let u(f) = -19735*f - 7282221. Determine u(-369).
-6
Let x(q) = -21*q**3 + 237*q**2 + 5*q - 997. What is x(11)?
-216
Let q(s) = -69454*s + 69461. What is q(1)?
7
Let b(p) = 10*p**2 - 2861*p - 6135. Give b(287).
-3552
Let i(c) = -c**3 - 55*c**2 - 689*c - 34334. Determine i(-54).
-44
Let c(q) = -1889*q - 260681. Calculate c(-138).
1
Let p(z) = -z**3 + 26*z**2 + 741*z - 18240. Calculate p(22).
-2
Let b(d) = -81*d - 12886. Calculate b(-155).
-331
Let w(p) = p**2 + 60*p + 355. Determine w(-47).
-256
Let q(o) = 32*o**2 + 979*o - 168. What is q(-31)?
235
Let m(s) = -s**2 - 99*s - 2318. Determine m(-39).
22
Let s(y) = -2*y**3 + 170*y**2 - 94*y + 7810. Give s(85).
-180
Let l(z) = z**2 - 15*z - 4803. What is l(80)?
3